e 687?
False
Is 9 a factor of 255?
False
Is 38185 a multiple of 244?
False
Is 32 a factor of 1406?
False
Does 46 divide 3476?
False
Is 126 a multiple of 11?
False
Does 163 divide 51997?
True
Is 38 a factor of 15542?
True
Does 16 divide 816?
True
Is 5 a factor of 55?
True
Is 194 a multiple of 31?
False
Is 68 a factor of 2426?
False
Does 17 divide 10112?
False
Is 11 a factor of 8328?
False
Does 106 divide 3766?
False
Does 85 divide 85?
True
Does 14 divide 606?
False
Is 19955 a multiple of 39?
False
Is 105 a factor of 735?
True
Is 5 a factor of 1046?
False
Is 73 a multiple of 41?
False
Does 15 divide 3000?
True
Is 5 a factor of 2605?
True
Does 54 divide 22194?
True
Is 50 a factor of 9800?
True
Does 5 divide 36?
False
Does 22 divide 44484?
True
Is 48 a factor of 19968?
True
Does 26 divide 3062?
False
Is 11 a factor of 6869?
False
Is 11 a factor of 112552?
True
Is 19372 a multiple of 22?
False
Is 45 a factor of 990?
True
Is 1165 a multiple of 27?
False
Does 10 divide 35?
False
Is 30 a factor of 1350?
True
Does 29 divide 21112?
True
Is 14839 a multiple of 38?
False
Does 6 divide 766?
False
Does 10 divide 2490?
True
Is 24272 a multiple of 148?
True
Does 16 divide 23155?
False
Is 558 a multiple of 62?
True
Does 40 divide 3007?
False
Does 78 divide 3317?
False
Does 8 divide 432?
True
Is 651 a multiple of 93?
True
Does 8 divide 7888?
True
Does 35 divide 15007?
False
Is 74 a factor of 7178?
True
Is 18 a factor of 1961?
False
Does 28 divide 1706?
False
Does 322 divide 17710?
True
Is 6 a factor of 468?
True
Is 33355 a multiple of 23?
False
Is 28 a factor of 706?
False
Is 10 a factor of 390?
True
Does 7 divide 3899?
True
Is 24 a factor of 106?
False
Is 1444 a multiple of 76?
True
Does 7 divide 126?
True
Is 3997 a multiple of 119?
False
Is 6533 a multiple of 61?
False
Does 41 divide 4359?
False
Does 15 divide 765?
True
Does 8 divide 753?
False
Is 9560 a multiple of 8?
True
Is 306 a multiple of 60?
False
Does 6 divide 1422?
True
Does 7 divide 17408?
False
Is 9471 a multiple of 18?
False
Is 950 a multiple of 10?
True
Does 7 divide 1190?
True
Is 12012 a multiple of 44?
True
Does 13 divide 43563?
True
Does 14 divide 1330?
True
Is 85068 a multiple of 17?
True
Is 6 a factor of 2438?
False
Does 8 divide 6624?
True
Is 54 a factor of 6455?
False
Is 81 a factor of 130005?
True
Is 2993 a multiple of 41?
True
Is 4210 a multiple of 9?
False
Does 27 divide 4428?
True
Does 11 divide 374?
True
Is 15 a factor of 7790?
False
Is 3 a factor of 4569?
True
Is 2577 a multiple of 181?
False
Is 33 a factor of 135901?
False
Is 33 a factor of 1125?
False
Does 126 divide 36540?
True
Is 11 a factor of 33?
True
Is 51952 a multiple of 123?
False
Is 18904 a multiple of 136?
True
Is 6 a factor of 330?
True
Is 2020 a multiple of 11?
False
Is 16 a factor of 13280?
True
Does 32 divide 1466?
False
Is 5 a factor of 402?
False
Does 15 divide 735?
True
Is 4452 a multiple of 28?
True
Is 552 a multiple of 12?
True
Does 4 divide 948?
True
Is 1052 a multiple of 17?
False
Is 35786 a multiple of 232?
False
Does 24 divide 24048?
True
Does 64 divide 4916?
False
Is 35 a factor of 32709?
False
Is 25 a factor of 2100?
True
Does 16 divide 256?
True
Is 143 a factor of 12861?
False
Does 37 divide 37?
True
Is 25 a factor of 1025?
True
Is 24001 a multiple of 6?
False
Is 37 a factor of 1110?
True
Is 48750 a multiple of 75?
True
Is 140 a factor of 1829?
False
Is 898 a multiple of 50?
False
Is 4634 a multiple of 9?
False
Is 43290 a multiple of 15?
True
Is 2557 a multiple of 53?
False
Does 5 divide 1500?
True
Is 13 a factor of 11895?
True
Is 108 a multiple of 4?
True
Is 17860 a multiple of 94?
True
Is 3 a factor of 42?
True
Is 4706 a multiple of 20?
False
Is 12 a factor of 380?
False
Does 14 divide 182?
True
Is 113 a factor of 48138?
True
Does 7 divide 539?
True
Is 53 a factor of 7687?
False
Is 8 a factor of 3804?
False
Does 7 divide 29575?
True
Is 3 a factor of 9?
True
Is 15860 a multiple of 244?
True
Is 323 a multiple of 19?
True
Does 6 divide 1380?
True
Does 16 divide 386?
False
Does 17 divide 400?
False
Is 5 a factor of 271?
False
Does 24 divide 3648?
True
Is 2192 a multiple of 27?
False
Is 198 a multiple of 7?
False
Is 29503 a multiple of 181?
True
Does 24 divide 48048?
True
Is 1978 a multiple of 6?
False
Does 68 divide 9932?
False
Is 11 a factor of 869?
True
Does 24 divide 31033?
False
Does 7 divide 1248?
False
Is 1128 a multiple of 24?
True
Is 34 a factor of 30104?
False
Does 14 divide 158?
False
Is 13 a factor of 156?
True
Is 25 a factor of 160125?
True
Is 6 a factor of 92?
False
Does 35 divide 13860?
True
Is 726 a multiple of 11?
True
Does 3 divide 233?
False
Does 9 divide 33597?
True
Does 2 divide 4398?
True
Is 98 a factor of 3586?
False
Is 69 a factor of 103638?
True
Does 48 divide 21120?
True
Is 4 a factor of 964?
True
Does 7 divide 22692?
False
Does 22 divide 909?
False
Does 152 divide 18510?
False
Does 82 divide 5129?
False
Is 5 a factor of 365?
True
Is 6230 a multiple of 5?
True
Does 8 divide 5408?
True
Does 7 divide 112?
True
Is 20384 a multiple of 14?
True
Is 93 a factor of 48255?
False
Does 9 divide 440?
False
Does 18 divide 13140?
True
Does 43 divide 1313?
False
Does 87 divide 3306?
True
Is 19 a factor of 6730?
False
Is 32 a factor of 59058?
False
Is 27 a factor of 2754?
True
Is 44 a factor of 2552?
True
Is 1233 a multiple of 7?
False
Is 14 a factor of 390?
False
Does 19 divide 14326?
True
Is 20 a factor of 2136?
False
Does 15 divide 12206?
False
Is 1686 a multiple of 24?
False
Is 5 a factor of 66?
False
Is 255 a multiple of 17?
True
Is 920 a multiple of 7?
False
Is 2478 a multiple of 177?
True
Is 162 even?
True
Is 149989 a multiple of 49?
True
Is 2375 a multiple of 19?
True
Is 30954 a multiple of 402?
True
Is 99 a factor of 8511?
False
Does 36 divide 5411?
False
Does 17 divide 3944?
True
Is 21 a factor of 327?
False
Is 24 a factor of 606?
False
Is 77 a factor of 485?
False
Is 702 a multiple of 41?
False
Is 8722 a multiple of 98?
True
Is 63 a factor of 945?
True
Is 5332 a multiple of 43?
True
Does 5 divide 392?
False
Is 1010 a multiple of 10?
True
Is 60 a factor of 5089?
False
Does 15 divide 101580?
True
Does 10 divide 18300?
True
Is 10 a factor of 7223?
False
Is 15660 a multiple of 145?
True
Does 14 divide 1741?
False
Is 17793 a multiple of 27?
True
Is 13 a factor of 1313?
True
Is 23 a factor of 3990?
False
Is 2226 a multiple of 159?
True
Is 6719 a multiple of 92?
False
Is 658 a multiple of 14?
True
Is 35 a factor of 770?
True
Is 247 a factor of 53837?
False
Does 13 divide 43775?
False
Is 1512 a multiple of 42?
True
Does 19 divide 3629?
True
Does 12 divide 264?
True
Does 59 divide 885?
True
Is 21 a factor of 3087?
True
Does 66 divide 30624?
True
Is 2 a factor of 114?
True
Is 71 a factor of 3321?
False
Does 21 divide 1386?
True
Does 11 divide 9867?
True
Is 627 a multiple of 11?
True
Does 24 divide 200?
False
Does 133 divide 46284?
True
Is 858 a multiple of 10?
False
Is 19165 a multiple of 24?
False
Is 116 a factor of 2031?
False
Is 76 a factor of 10311?
False
Does 19 divide 14478?
True
Does 120 divide 5404?
False
Does 16 divide 528?
True
Is 193 a factor of 16633?
False
Is 14 a factor of 882?
True
Does 5 divide 199?
False
Is 57 a factor of 2248?
False
Is 33 a factor of 13494?
False
Is 8 a factor of 273?
False
Does 21 divide 295?
False
Does 90 divide 83160?
True
Does 10 divide 102690?
True
Is 3200 a multiple of 28?
False
Is 79 a multiple of 13?
False
Does 37 divide 4051?
False
Does 7 divide 2043?
False
Is 498 a multiple of 39?
False
Is 198 a multiple of 18?
True
Is 51 a factor of 8377?
False
Does 5 divide 1300?
True
Is 807 a multiple of 30?
False
Does 8 divide 3912?
True
Is 14035 a multiple of 5?
True
Is 14 a factor of 504?
True
Is 86 a factor of 28649?
False
Is 3485 a multiple of 85?
True
Is 23 a factor of 3450?
True
Is 3975 a multiple of 75?
True
Is 13 a factor of 19214?
True
Does 12 divide 10992?
True
Is 16065 a multiple of 63?
True
Is 7 a factor of 341?
False
Does 2 divide 65?
False
Does 18 divide 961?
False
Does 10 divide 2289?
False
Does 15 divide 11280?
True
Is 24 a factor of 1464?
True
Does 55 divide 1785?
False
Is 24788 a multiple of 19?
False
Is 453 a multiple of 6?
False
Is 11 a factor of 4015?
True
Is 1728 a multiple of 64?
True
Does 28 divide 532?
True
Is 58282 a multiple of 13?
Fal